 factor of 15 and l?
15
Suppose 0 = -6*t + t + 25. Let s(v) = -v**2 + 7*v + 4. Let r be s(t). Calculate the highest common divisor of 21 and r.
7
Let g = 26 + -19. Suppose 3*y - g*y + 200 = 0. Calculate the highest common divisor of 10 and y.
10
Let a(q) = 3*q - 2*q - 11 + 3 + 26*q. Let s be a(6). Let u(l) = l**3 + 7*l**2 + 5*l + 8. Let w be u(-6). What is the greatest common divisor of w and s?
14
Suppose -9 - 6 = -i. Calculate the highest common factor of 150 and i.
15
Suppose 0 = 96*g - 94*g - 4. Let w be (-1)/(-6) + 380/24. Calculate the highest common factor of g and w.
2
Let q = 92 + -65. Let t = 107 - 98. What is the highest common divisor of t and q?
9
Suppose 2*b + 3 = -41. Let u = -12 - b. Let l be 2*-1 + u/2. Calculate the highest common factor of 9 and l.
3
Suppose 4*j = 3*j + 4*d + 175, -d = 2*j - 314. What is the greatest common divisor of 53 and j?
53
Suppose 0*l - 25 = -k + 4*l, 4*l - 27 = -3*k. Calculate the highest common divisor of k and 91.
13
Let q be 2 - (0/(-1) + 0). Let v = 3 - q. Let d be (v + 2)/((-3)/(-28)). What is the greatest common divisor of d and 14?
14
Let g be -1 + (1 - -1) + 9. Suppose 110 - g = t. Calculate the greatest common divisor of t and 40.
20
Let p(a) = -3*a**3 - 3*a - 2. Let v be p(-1). Calculate the greatest common divisor of v and 36.
4
Suppose 4*f - 5*x - 435 = 0, 1 = 3*x + 10. Suppose -3*p = 3, p = -5*c + 3*c + 29. Calculate the greatest common divisor of f and c.
15
Suppose x - 50 = 6*x. Let y be (-62)/x + (-3)/15. Calculate the greatest common divisor of y and 24.
6
Let x(w) = w**2 + 7*w - 2. Let k(m) = -m**2 + 2. Let a be k(-3). Let j be x(a). Let l be (-2)/(-4)*j + 13. Calculate the highest common divisor of l and 24.
12
Suppose -k = 0, -3*a + 290 = 2*a + k. What is the highest common divisor of 145 and a?
29
Let v(l) = 4*l**3 + 3*l + 3. Let a(g) = 8*g**3 + 7*g + 7. Let t(q) = 2*a(q) - 5*v(q). Let k be t(-1). Calculate the greatest common factor of k and 2.
2
Let z be 2/(-2)*(-6 + 4). Suppose z*k = 4*q + 22, -q - 35 = -4*k + 9. What is the greatest common factor of k and 1?
1
Let b(f) = -482*f + 2. Let c be b(-1). What is the highest common divisor of c and 44?
44
Let a(d) be the third derivative of -d**4/24 - 7*d**3/6 - d**2. Let f be a(-8). Let b be (0/f)/(-2) - -2. What is the greatest common factor of 12 and b?
2
Let r(f) = f**3 + f - 1. Let v be r(1). Let p be v + 1 - -13*6. Calculate the greatest common factor of 16 and p.
16
Suppose 25*x = 24*x + 21. What is the highest common factor of x and 63?
21
Suppose 0 = 2*o + 3*z - 4, -2*o = 3*o - z - 10. What is the highest common divisor of o and 18?
2
Let d be (-1086)/(-24) + (-1)/4. Calculate the greatest common factor of d and 30.
15
Let b = -27 + 48. Calculate the highest common factor of 84 and b.
21
Let d(p) = -3*p - 3. Let n be d(-2). Suppose 81 = 6*f - n*f. Calculate the highest common divisor of 18 and f.
9
Suppose 88 = 5*g + r - 2*r, -3*g - 4*r = -62. Calculate the highest common divisor of g and 144.
18
Suppose 1 - 10 = -3*p. Let q be ((-5)/(-2) - p)*-22. Let b = -8 + q. What is the highest common divisor of b and 15?
3
Let z(w) = -4*w - 10. Let b be z(-7). What is the highest common factor of 18 and b?
18
Suppose -3*g + 15 = -0*g. Suppose -g*d = -0*d - 180. What is the highest common factor of d and 90?
18
Suppose l - 3 = 14. Calculate the highest common factor of 136 and l.
17
Suppose 0*b = -2*b + 24. Suppose -4*q - 3*h + 36 = 0, 5*q - 22 = -2*h + 4*h. Calculate the greatest common divisor of q and b.
6
Let c(r) = r**3 + r**2 + 4*r - 15. Let v be c(3). What is the highest common divisor of v and 66?
33
Let g be (-1)/((-60)/(-32) + -2). What is the highest common divisor of 64 and g?
8
Let s = 44 + -20. Calculate the highest common factor of 16 and s.
8
Suppose -3*k + 32 = 3*b + 11, 0 = -5*b + 2*k + 21. Let d = 82 - 47. Calculate the highest common divisor of b and d.
5
Let s = -15 + 17. Suppose 30 = s*i - i. Let k = 0 - -12. What is the greatest common divisor of k and i?
6
Suppose 0 = -4*x - 0*x + 432. What is the greatest common divisor of x and 12?
12
Let s = -4 - -11. Suppose -5*k + 5 = 3*m - 251, 0 = -k + 5. What is the greatest common divisor of m and s?
7
Suppose m - 6 + 2 = 0. Suppose 0 = o - 2*o - 2. Let z be ((-3)/o)/((-3)/(-32)). Calculate the greatest common divisor of z and m.
4
Let s = -4 + 6. Let l(r) = -r**2 + 20*r - 22. Let u be l(18). Calculate the greatest common factor of s and u.
2
Let y be 2/6 - (-4 + 1434/(-18)). Calculate the highest common factor of 24 and y.
12
Let j be 1 - (78/(-3) - 3). Calculate the highest common factor of 90 and j.
30
Let g = -155 - -255. What is the highest common divisor of 25 and g?
25
Let d be (-5)/10*6 - -135. Calculate the greatest common divisor of 12 and d.
12
Let h(k) = 2 - 4 + 5 - 10*k - 18*k. Let n be h(-5). Calculate the greatest common divisor of 13 and n.
13
Let j = -1 + 2. Let f be (-1 - j) + 20/2. Suppose 2*x = 4*z + 24, 0 = 4*x - z - 35 + f. What is the greatest common divisor of 4 and x?
2
Suppose 0 = -2*u + 7 + 29. Calculate the greatest common factor of u and 6.
6
Let q(s) = -2*s - 6. Suppose -5*j + 23 - 5 = -4*f, -5*f - 3*j - 41 = 0. Let g be q(f). Let h = -6 + 14. Calculate the highest common divisor of g and h.
8
Suppose -2*a - 2 = 56. Let g = a + 40. What is the highest common factor of g and 55?
11
Let i = -29 - -72. Suppose -c + i = -29. Let o be (1 - (-14)/(-10))*-30. What is the highest common divisor of o and c?
12
Let m be -1*5/5 - -22. Calculate the highest common factor of 84 and m.
21
Suppose -2*l + 178 = 4*n, -7*n + 3*n + 2*l + 158 = 0. What is the highest common divisor of n and 63?
21
Let j(d) = d**3 + d - 5. Suppose -4*t = 2*p - 6, 4*p + 5 = -t + 24. Let z be j(p). Calculate the highest common divisor of z and 25.
25
Let w(r) = r**3 - 4*r**2 - 5*r + 1. Let c be w(5). Let u = 10 + c. Calculate the greatest common divisor of 99 and u.
11
Let i(b) = 4*b - 2. Let c be i(2). Let h be ((-21)/c - -3)*-16. Calculate the greatest common factor of h and 64.
8
Let b(x) = -x**3 + 2*x**2 + x - 1. Let s be b(1). Let u be (-3 + 3)/(-1 - s). Let a = 16 + u. What is the highest common factor of a and 64?
16
Let n be (5/(-5) - -41) + -4 - 1. Calculate the greatest common factor of n and 280.
35
Let f(b) = b + 2. Let k be f(3). Suppose -21*q + 12 = -9*q. Calculate the highest common divisor of q and k.
1
Let y be ((-6)/4)/(2/(-44)). Let z = y + -23. What is the highest common divisor of 100 and z?
10
Let j be (-2)/7 + (-174)/(-21). Calculate the greatest common factor of 1 and j.
1
Let h(w) = w**2 - 5*w + 3. Let f be h(2). Let z(k) = 2*k**3 + 2*k**2 - 1. Let y be z(f). Let s = -25 - y. Calculate the greatest common divisor of 6 and s.
6
Let g(r) = -r**3 + 7*r**2 + r - 2. Let l be g(7). Calculate the greatest common divisor of 1 and l.
1
Suppose -5*u + 0*u + 5 = 0. What is the highest common factor of u and 7?
1
Let b(s) = 15*s**2 - 3*s + 1. Let h be b(2). What is the highest common divisor of 5 and h?
5
Let c be 15 + 1 + (-4 - -4). Let l = 5 - 3. What is the greatest common divisor of l and c?
2
Let x(g) = 2*g + 6. Let a be x(-5). Let o(j) = j**2 - 9. Let f be o(a). What is the highest common divisor of f and 7?
7
Suppose -4*v - 5*t = 21, v + 17 = 3*v - 3*t. Calculate the greatest common divisor of 1 and v.
1
Let w be -14*(1 - 19/2). What is the highest common divisor of 17 and w?
17
Suppose 5*w + 5 = 0, 23 = 4*i - 0*i - 3*w. Calculate the greatest common factor of i and 20.
5
Let v be (-25)/(-10)*(-5)/((-25)/12). What is the greatest common divisor of 3 and v?
3
Let o = 5 + -2. Suppose 0*f - 3*f + 15 = o*p, -5*p - f + 45 = 0. What is the highest common divisor of 80 and p?
10
Suppose 97*n = 101*n - 36. Calculate the highest common factor of n and 3.
3
Suppose 4 - 1 = z. Suppose -5*n - 5 = 3*k - 4, 39 = 3*k - z*n. Calculate the greatest common factor of k and 24.
8
Suppose -5 = -y - 5*v + 35, -8 = -4*v. Let o(l) = l**3 + 4*l**2 - 8*l - 5. Let m be o(-5). What is the greatest common factor of y and m?
10
Let x(g) = 43*g - 6. Let d be x(2). Calculate the greatest common factor of 16 and d.
16
Let n(q) = -q - 43. Let v be n(0). Let w = 24 - v. Suppose -4*m = 3 - w. Calculate the greatest common divisor of m and 2.
2
Suppose p = 220 + 32. Calculate the highest c